 - 66 - (3 + 4 + 0))?
5
What is 29 + (0 + -7 + 4 + 5 - 1)?
30
What is 0 + (-28 - -12 - -21)?
5
Calculate -1 + (1 - 2) + -19 + 627 + -624.
-18
19 - 1 - (8 - -19)
-9
Evaluate (-17 - -13) + (10 - (0 - 1)).
7
What is the value of -4 + 19 + (-2 - (5 + 5))?
3
87 + -94 + 8 + -1
0
(22 - 7 - 3) + -16
-4
Calculate -4 + (-14 + 7 - -19).
8
Calculate (19 - 20 - 2 - (-2 + 3)) + -4.
-8
Calculate 753 - 753 - (7 + 0 - (2 - 2)).
-7
What is -2 - (298 - 292 - (2 + (1 - 11)))?
-16
What is -386 - -376 - (3 + (-3 - 3 - 2))?
-5
What is the value of (19 + -11 + -17 - -28) + -12?
7
(-12 + (-9 - -36 - 9) - 7) + -18
-19
Evaluate (-3 - (7 + -3)) + 3 + 8.
4
What is (12 - 33 - 14) + 18?
-17
What is the value of (1 - -9) + (-2 - -1) - (-995 - -1000)?
4
What is the value of (-2 - -2) + 0 - (-1235 + 1226)?
9
Evaluate (-12 - (7 + -16)) + -5.
-8
Calculate 1 - 1 - (184 - 173).
-11
What is 117 + -103 + (2 - 31) - -25?
10
What is the value of (-3 - -12) + -4 - (6 + -20 + 28)?
-9
Evaluate 2 - 4 - (5 - (5 + (5 - -2))).
5
Evaluate -7 + -2 - (-6 - -7) - (4 + -4).
-10
What is the value of 8 + -3 + 2 - -12?
19
Calculate (13 - (-10 + 9 - -31)) + -7.
-24
What is the value of (8 - (22 - 21)) + (0 - 1)?
6
What is the value of -45 + 63 + 8 + -6?
20
Evaluate 8 + (-3 + 3 - 4) + 24 + -18.
10
What is -12 + 12 + (0 - (3 + 6)) + 5?
-4
What is 23 - ((-1 + 2 - -6) + (-423 - -419))?
20
Evaluate 0 + 1 + 1 + 87 + -73.
16
Evaluate (-11 + 6 - -30) + -28 + 21.
18
What is the value of -3 + 12 + -13 + (10 + 1 - -1)?
8
Calculate (-5 + -3 - -4) + (-9 - (-25 + 10)).
2
What is the value of -3 + 1 + 4 - (44 - 29)?
-13
Calculate 1 + 0 + -8 - (260 - 264).
-3
(-15 - -7) + -26 + 5 + -5
-34
(71 - (50 + 15)) + -3 + -1
2
Evaluate (1 - 11 - -13) + (1 - 7).
-3
-45 + (-18 - (-42 + 6))
-27
Evaluate 2 + (-1 - (-4 + 6)) + (6 - 12).
-7
(3 + 0 - 5) + -3 - -9
4
Evaluate (15 - 8) + 16 + 5 + -12.
16
What is the value of (1 - -26 - (-390 + 410)) + (-40 - -1)?
-32
Calculate 14 + (28 + -29 - (6 + -4)) + -33.
-22
Evaluate 8 - (4 - 16) - 32.
-12
Evaluate -19 + -28 + 40 + 3.
-4
What is -113 - -102 - ((-1 - 11) + -1)?
2
What is the value of 29 + -33 + 5 + -5 + -5?
-9
What is -4 + (-4 - -7) - (61 - 59)?
-3
What is the value of 16 - (40 + -35 + 1 + -20 + 4)?
26
What is the value of 14 - (-2 - ((5 - 23) + 11))?
9
Calculate 21 + 2 + -19 + 23.
27
Calculate -17 - (-15 + 5 + -16).
9
What is 3 - ((-3 - 3) + 24 + -11)?
-4
Calculate (30 - (48 + -25)) + -23.
-16
Evaluate (-1 - -44) + -16 + 3 - 9.
21
7 - -15 - (46 + -7)
-17
-7 + 1 + (11 - 16) + 3
-8
-968 - -947 - (-1 - -4)
-24
Calculate (2 - -17 - 5) + -2 - (1 + -1).
12
10 + -31 + -6 + 8 + 11
-8
Evaluate -1 + (-17 - (1 + -10 + -1)).
-8
What is the value of -3 + 28 - 10 - 17?
-2
What is the value of (13 - -6 - 12) + (-11 - (5 - 2))?
-7
Calculate -15 + (0 - (3 - (-8 + 10))).
-16
What is the value of -2 + -9 + -2 + 3 + 2 + 2?
-6
Evaluate 1 + 6 + 2 - (3 + 0 - 3).
9
Evaluate -16 - -1 - (-76 + 49 + 22).
-10
Evaluate -20 - ((-29 - -47) + -17).
-21
Evaluate 82 + -84 + 5 + -1 + -14.
-12
What is the value of (-24 + 5 - -9) + 4 - -11?
5
Calculate (-11 - -11) + 3 + (0 - 0) + -12.
-9
What is the value of (0 - 0) + (-17 - -19)?
2
What is (-4 + 0 - 7) + 7?
-4
Evaluate 10 - ((-7 - -4) + 12).
1
Evaluate -279 + 294 + -17 + (-3 - -3).
-2
Calculate (8 - -7) + (-3 + (2 - 2) - -2).
14
10 - 21 - (-31 + 1 - (175 + -173))
21
Evaluate 16 + -5 - (-2 - -1 - -9).
3
What is the value of 18 - 1 - 49 - -22?
-10
What is 13 + -7 - (26 + -16)?
-4
What is (-23 - -1 - 2) + (43 - 40)?
-21
Calculate (1 - -16) + (151 - 178).
-10
What is the value of -7 - (-9 + -1 + 5 + -19 - -3)?
14
Evaluate (-325 - -320) + (3 - 0).
-2
Evaluate 61 - 3 - 23 - 21.
14
What is the value of -17 - (15 - (-5 - -28))?
-9
What is (21 - 2) + 13 - 11?
21
Evaluate -15 + 41 - (-15 - -27).
14
(79 - 78) + -16 + 1
-14
What is the value of 9 + -7 - (2 - 0) - (-10 + 1)?
9
-5 + 0 + (2 - -12) + -39 + 17
-13
Calculate 13 + (-18 - -18 - -4) + 5.
22
(121 - 94) + (-20 - 2)
5
What is the value of 26 + -20 - ((0 - (4 + -6)) + 8)?
-4
What is 115 + -111 - (-10 + 5 - -28)?
-19
Evaluate -557 + 553 - ((0 - 5) + 0) - 14.
-13
Calculate 33 - 17 - (0 + 10) - (-2 - 0).
8
Evaluate (1 - -2) + (-25 - -1) - (107 + -109).
-19
8 + -41 - (-4 + 10 - 10)
-29
What is 1 + -19 - (6 + 1 - 2 - 8)?
-15
-14 + (3 + -1 - (-5 - 1))
-6
Evaluate 1 - (31 - (26 - -1)).
-3
What is 132 + -129 + (24 - 2) + 0 + -5?
20
What is the value of -8 + (2 + -25 - -8) + 23?
0
What is the value of -1 - 0 - (-43 + (13 - 7) + 14)?
22
Calculate -23 - ((-31 - -1) + -11).
18
Calculate (-13 - -20) + (-2 + -4 - -1) + -20.
-18
Evaluate 15 + -18 - (2 + -3 - (13 - 11)).
0
What is (-7 - -10 - -2 - -1) + -6?
0
What is the value of (9 - 48 - -29) + -4 + 0 + 0?
-14
Calculate -11 + 1 + -2 - (-4 - -9 - 16).
-1
What is the value of 13 + (-7 - (6 - 6))?
6
What is -5 - (-8 - (-14 - -5 - (6 + -7)))?
-5
What is 7 - (12 - (4 + 14))?
13
(10 - 10) + 8 + 1 + (1 - 1)
9
Evaluate 21 + (-8 + -4 - -24) - 14.
19
Calculate 5 + (2 - (-11 - -18)) + 12.
12
What is -17 + 19 - (-1 + 7) - (-18 - -30)?
-16
-9 - ((-11 - -1) + (10 - (13 + -4)))
0
9 - (9 - 8) - (-3 - (-4 + -3))
4
What is the value of 5 + (-3 + 7 + -9 - (12 - 1))?
-11
What is (36 - 33) + 4 + 4?
11
Evaluate -12 - ((-4 - -1) + (10 - 30)).
11
-1 + 13 + 66 + (-45 - 33)
0
Calculate 194 + -168 + -16 + -5.
5
1 - -1 - (48 - 51)
5
What is the value of 8 + (-2 - (13 - 4))?
-3
13 + 4 + -2 - (-2 + 5 + 1)
11
What is the value of -292 - -294 - (-25 - -1)?
26
6 + (-11 + 19 - 9) + 11
16
-1 + 0 + 19 + 89 + -110 + 21
18
-5 + 13 + (7 - 9) + -7
-1
What is -8 + (-4 - 5 - 8) + 8 - 4?
-21
What is (-8 - (1 + -19)) + -11 + 12?
11
20 + (-41 - 4) - -4
-21
Calculate 7 - (4 - 10 - (-2 + -2)).
9
What is (-2605 - -2578) + (-1 + 2 + -7 - -1)?
-32
(10 - (-22 + 20)) + -8 + 2
6
What is the value of -9 - -7 - (-6 - -5 - 10) - -18?
27
((22 - 12) + -9 - 7) + 5
-1
What is -56 + 55 - (-2 - 7) - 2?
6
What is the value of (4 + -17 - -14) + 1 + -1?
1
Calculate 5 + -1 - (-19 - -13).
10
What is the value of 14 + 15 + (-4 - 32)?
-7
Evaluate 7 + -6 + -3 + (0 - -4) - 3.
-1
Calculate 178 - 185 - ((5 - 6) + 24).
-30
Calculate -19 - (8 - (-7 - -25) - (-5 + 2)).
-12
Evaluate 0 + -2 - (-51 + 38 + -17).
28
What is 9 - ((4 - (-8 + 1)) + -18)?
16
((3 - 1) + 5 + -2 - 4) + 12
13
What is the value of -5 + (21 - 12) - -3?
7
What is the value of (-11 - 10) + 16 - (0 - -5)?
-10
What is the value of 4 - (-2 + 7 + 10)?
-11
Evaluate -2 - (-4 + 3 + -2 + 3 + -4).
2
Evaluate -3 - (29 + (3 - 7)) - (-58 - -50).
-20
What is (19 - 10) + -9 + 9?
9
What is the value of (15 - (-5 + 11)) + -2 - 8?
-1
Calculate (1 - -3) + 7 + -3 + -12 + 14.
10
Calculate 661 + -644 - (0 + 35).
-18
Calculate -19 + (15 - (-1 - 1)).
-2
What is (-7 - -3) + 7 + -12 + 33?
24
Evaluate -28 - 20 - -21 - -10.
-17
What is the value of -6 - (31 + -10) - -22?
-5
0 + (-24 - 2) + (-37 - 14 - -43)
-34
30 + -10 + 13 + (0 - -3 - 1)
35
Evaluate 20 + -5 + 14 + -44 + 32.
17
Evaluate 12 + -31 + 6 - -33.
20
Evaluate -7 - (17 + -28 + -9) - -13.
26
What is the value of -4 + 15 - 7 - (-6 + 10)?
0
What is 24 - (13 - 0) - (1 + 2)?
8
What is 8 - (19 - 45 - -31)?
3
What is 37 - ((-10 - -25) + 18)?
4
3 + 6 + -8 - (11 - (0 + -9))
-19
11 + -11 + 8 + -11
-3
Evaluate -6 + 11 + 7 + -12 + 5.
5
What is -5 - (-30 + 2 - (-8 + -1))?
14
-4 - (-3 + 4 - (-2 + (-2 - -4)))
-5
What is (-15 - -1) + (-343 - -359)?
2
Evaluate -4 - (-1 + -1 - -7) - 0.
-9
What is -6 + 2 + -15 + (10 - (3 - -1))?
-13
What is the value of (-3 - (-1 + -4)) + (9 - (3 + 0))?
8
What is -5 + 41 + (23 - (-23 - -59))?
23
Evaluate 15 + -3 + (-5 - 3 - -4).
8
(-12 - (-7 - (4 - 3))) + -7
-11
Evaluate -2 + -1 + 69 + -59 + (2 - 8).
1
Calculate 8 + 31 + -29 - 22.
-12
(-5 - (-7 + 3 + -3)) + 5 + 1
8
Calculate (5 - 4 - -18) + (81 - 83).
17
Evaluate -2 - ((9 - (18 - -7)) + 1).
13
What is (-45 + -4 - (9 + -25)) + 6?
-27
-7 - (0 + 3) - (66 - 94)
18
Calculate -7 + 2 + -9 + 7 + (2 - 1).
-6
What is the value of 9 - (-2 + (-9 - -11) - -10)?
-1
(13 - (-17 - -23)) + 8
15
-12 - (-8 + (12 - 20) + -4)
8
What is the value of (0 - 5) + 0 + 7 + -2 - -1?
1
Calculate -6 - (0 + -12 + (30 - 6)).
-18
Calculate 5 - (0 + 7 - -5).
-7
-614 - -615 - (-3 + (3 - -1) - -8)
-8
Evaluate -10 + 10 + (2 - 3) + -3 + 8.
4
13 + -19 + 14 - 5
3
(-221 - -213) + (-12 - 0 - 1) + -3
-24
Evaluate -7 - (0 + -8 + -4) - (1 